{"id":5020,"date":"2020-07-04T13:06:01","date_gmt":"2020-07-04T11:06:01","guid":{"rendered":"https:\/\/www.karaoke-helden.de\/playbackshop\/?post_type=product&#038;p=5020"},"modified":"2020-07-04T14:09:06","modified_gmt":"2020-07-04T12:09:06","slug":"dvd-shop-dvd-what-the-health-wie-konzerne-uns-krank-machen","status":"publish","type":"product","link":"https:\/\/www.karaoke-helden.de\/playbackshop\/dvd-shop-dvd-what-the-health-wie-konzerne-uns-krank-machen","title":{"rendered":"DVD-Shop &#8211; DVD &#8211; What the Health &#8211; Wie Konzerne uns krank machen"},"content":{"rendered":"<h2>DVD &#8211; What the Health &#8211; Wie Konzerne uns krank machen&#8230;<\/h2>\n<h2>&#8230; und warum niemand was dagegen unternimmt.<\/h2>\n<h3>NEU\/OVP &#8211; Versand in Deutschland mit Sendungsnummer &#8230;<\/h3>\n<p><em><strong>What The Health:<\/strong> <\/em>Letztes Jahr erschien die DVD des preisgekr\u00f6nten und vieldiskutierten Dokumentarfilms Cowspiracy, der sehr anschaulich den Zusammenhang zwischen Umweltsch\u00e4den und industrieller Viehwirtschaft aufzeigt. Nun haben sich die beiden Macher Kip Andersen und Keegan Kuhn bei ihrer neuesten Dokumentation What The Health eines nicht minder brisanten Themenkomplexes angenommen: die gesundheitlichen Auswirkungen durch tierische Ern\u00e4hrung, Korruption im Ern\u00e4hrungswesen, zweifelhafte Finanzierungsmodelle verschiedener Gesundheits- und Ern\u00e4hrungsorganisationen sowie die menschenverachtende profitgetriebene Ern\u00e4hrungs-, Pharma- und Medizinindustrie. In zahlreichen Interviews konfrontieren die engagierten Dokumentarfilmer u. a. Vertreter amerikanischer Lebensmittelkonzerne und Gesundheitsorganisationen mit unbequemen Fakten und Fragen: Warum wollen uns Konzerne anscheinend systematisch krank machen &#8211; und wieso unternimmt niemand was dagegen?<\/p>\n<p>Adipositas, Diabetes, Bluthochdruck und Krebs \u2013 diese Zivilisationskrankheiten breiten sich in der westlichen Wohlstandsgesellschaft schon fast epidemieartig aus. Aber es ist nicht ein einzelner Faktor, der f\u00fcr eine Erkrankung verantwortlich ist, sondern das Zusammenspiel aus genetischer Veranlagung, Umweltfaktoren, dem individuellen Lebensstil \u2013 und vor allem auch der Ern\u00e4hrung!<\/p>\n<p>Beispielsweise leiden in den USA bereits 10-J\u00e4hrige unter Arterienverstopfung, zwei Drittel aller Erwachsenen sind entweder \u00fcbergewichtig oder gar fettleibig (\u201eobese disease\u201c), und es ist zu bef\u00fcrchten, dass in den n\u00e4chsten 25 Jahren jeder dritte Amerikaner an Diabetes erkranken wird. Die WHO (World Health Organisation) benennt in der Klasse 1 der krebserzeugenden Schadstoffe (Karzinogene) Asbest, Plutonium, Zigaretten \u2013 und verarbeitetes Fleisch (wie z. B. Salami, Hot Dogs, Speck)! 93% der Dioxine werden durch Fleisch und Milch aufgenommen und 80% der in den USA hergestellten Antibiotika von der Pharmaindustrie an Nutzierhaltungsbetriebe verkauft.<\/p>\n<p>Das Skandal\u00f6se ist, dass die Gesundheitsorganisationen in den USA wie die American Diabetes Association, American Cancer Society oder die American Heart Association nicht auf die Problematik bei tierischen Lebensmitteln hinweisen. Kip Andersen findet bei seinen Recherchen heraus, dass die genannten Organisationen von Fleisch- und Milchwarenherstellern sowie Fastfood-Produzenten Millionen-Dollar-Sponsorenbetr\u00e4ge erhalten. (Ein Schelm, wer B\u00f6ses dabei denkt\u2026). Kip Andersen: \u201eDas ist ja, als ob die Gesellschaft zum Kampf gegen Lungenkrebs von der Tabakindustrie gesponsert werden w\u00fcrde\u2026\u201c. Und dass die Pharmaindustrie zudem mehr Geld f\u00fcr Lobbyarbeit als jede andere Branche ausgibt, l\u00e4sst nicht nur Tierversuchsgegner aufhorchen\u2026<\/p>\n<p>What The Health verdeutlicht eindringlich, dass man sich in Hinblick auf eine gesunde Lebensweise dringend von falschen Essgewohnheiten verabschieden sollte &#8211; und das sogar ohne explizit auf die ethisch fragw\u00fcrdigen Aspekte von Massentierhaltung und Tierversuchen, gigantischer Tierfutterproduktion und die dadurch voranschreitende Umweltzerst\u00f6rung eingehen zu m\u00fcssen.<br \/>\nWeitere Infos zur Dokumentation gibt\u2019s auf der englischsprachigen Website http:\/\/www.whatthehealthfilm.com.<\/p>\n<p><em><strong>FSK:<\/strong> <\/em>Freigegeben ab 12 Jahren!<\/p>\n<p><strong>Bildnachweis:<\/strong>\u00a0Coverfoto: polyband Medien<\/p>\n<p><strong>SEO:<\/strong> &#8211; <strong>DVD<\/strong> &#8211; <strong>What the Health<\/strong> &#8211; <strong>Wie Konzerne uns krank machen&#8230;<\/strong> &#8211; <strong>DVD-Shop<\/strong> &#8211;<\/p>\n<h3>Service \/ Umwelt \/ Versand und Preishinweis<\/h3>\n<p><strong>Bitte BEACHTEN:<\/strong>\u00a0Bei den Preisen im Shop ist ALLES an Nebenkosten enthalten wenn NICHT anderes ANGEGEBEN (siehe Bild unter dem Preis). Dazu geh\u00f6ren: Abgaben f\u00fcr das Duale-System \u2013 Entsorgung bei Batterien etc.! Ebenfalls sind Verpackung und Versandkosten inkl. Sendungsnummer-Kosten bei der Post \/ DHL enthalten.<\/p>\n<p>Downloads sind GRUNDS\u00c4TZLICH ohne Zusatzkosten. Bei Waren im Download bekommst Du den LINK zur jeweiligen Datei innerhalb von 12.Stunden nach Eingang des Rechnungsbetrages (auch am Wochenende und Feiertagen). Es gibt keinen AUTOMATISCHEN Download. Wir stellen DEINEN Download immer pers\u00f6nlich zusammen.<\/p>\n<p><strong>Suchnummer:<\/strong>\u00a01069 &#8211;\u00a0What the Health<\/p>\n<p>&nbsp;<\/p>\n<div class=\"shariff shariff-align-center shariff-widget-align-center shariff-buttonstretch\"><ul class=\"shariff-buttons theme-color orientation-horizontal buttonsize-small\"><li class=\"shariff-button facebook shariff-nocustomcolor\" style=\"background-color:#4273c8\"><a href=\"https:\/\/www.facebook.com\/sharer\/sharer.php?u=https%3A%2F%2Fwww.karaoke-helden.de%2Fplaybackshop%2Fdvd-shop-dvd-what-the-health-wie-konzerne-uns-krank-machen\" title=\"Bei Facebook teilen\" aria-label=\"Bei Facebook teilen\" role=\"button\" rel=\"nofollow\" class=\"shariff-link\" style=\"; background-color:#3b5998; color:#fff\" target=\"_blank\"><span class=\"shariff-icon\" style=\"\"><svg width=\"32px\" height=\"20px\" xmlns=\"http:\/\/www.w3.org\/2000\/svg\" viewBox=\"0 0 18 32\"><path fill=\"#3b5998\" d=\"M17.1 0.2v4.7h-2.8q-1.5 0-2.1 0.6t-0.5 1.9v3.4h5.2l-0.7 5.3h-4.5v13.6h-5.5v-13.6h-4.5v-5.3h4.5v-3.9q0-3.3 1.9-5.2t5-1.8q2.6 0 4.1 0.2z\"\/><\/svg><\/span><span class=\"shariff-text\">teilen<\/span>&nbsp;<\/a><\/li><li class=\"shariff-button twitter shariff-nocustomcolor\" style=\"background-color:#595959\"><a href=\"https:\/\/twitter.com\/share?url=https%3A%2F%2Fwww.karaoke-helden.de%2Fplaybackshop%2Fdvd-shop-dvd-what-the-health-wie-konzerne-uns-krank-machen&text=DVD-Shop%20%E2%80%93%20DVD%20%E2%80%93%20What%20the%20Health%20%E2%80%93%20Wie%20Konzerne%20uns%20krank%20machen&via=d24online\" title=\"Bei X teilen\" aria-label=\"Bei X teilen\" role=\"button\" rel=\"noopener nofollow\" class=\"shariff-link\" style=\"; background-color:#000; color:#fff\" target=\"_blank\"><span class=\"shariff-icon\" style=\"\"><svg width=\"32px\" height=\"20px\" xmlns=\"http:\/\/www.w3.org\/2000\/svg\" viewBox=\"0 0 24 24\"><path fill=\"#000\" d=\"M14.258 10.152L23.176 0h-2.113l-7.747 8.813L7.133 0H0l9.352 13.328L0 23.973h2.113l8.176-9.309 6.531 9.309h7.133zm-2.895 3.293l-.949-1.328L2.875 1.56h3.246l6.086 8.523.945 1.328 7.91 11.078h-3.246zm0 0\"\/><\/svg><\/span><span class=\"shariff-text\">teilen<\/span>&nbsp;<\/a><\/li><li class=\"shariff-button linkedin shariff-nocustomcolor\" style=\"background-color:#1488bf\"><a href=\"https:\/\/www.linkedin.com\/sharing\/share-offsite\/?url=https%3A%2F%2Fwww.karaoke-helden.de%2Fplaybackshop%2Fdvd-shop-dvd-what-the-health-wie-konzerne-uns-krank-machen\" title=\"Bei LinkedIn teilen\" aria-label=\"Bei LinkedIn teilen\" role=\"button\" rel=\"noopener nofollow\" class=\"shariff-link\" style=\"; background-color:#0077b5; color:#fff\" target=\"_blank\"><span class=\"shariff-icon\" style=\"\"><svg width=\"32px\" height=\"20px\" xmlns=\"http:\/\/www.w3.org\/2000\/svg\" viewBox=\"0 0 27 32\"><path fill=\"#0077b5\" d=\"M6.2 11.2v17.7h-5.9v-17.7h5.9zM6.6 5.7q0 1.3-0.9 2.2t-2.4 0.9h0q-1.5 0-2.4-0.9t-0.9-2.2 0.9-2.2 2.4-0.9 2.4 0.9 0.9 2.2zM27.4 18.7v10.1h-5.9v-9.5q0-1.9-0.7-2.9t-2.3-1.1q-1.1 0-1.9 0.6t-1.2 1.5q-0.2 0.5-0.2 1.4v9.9h-5.9q0-7.1 0-11.6t0-5.3l0-0.9h5.9v2.6h0q0.4-0.6 0.7-1t1-0.9 1.6-0.8 2-0.3q3 0 4.9 2t1.9 6z\"\/><\/svg><\/span><span class=\"shariff-text\">teilen<\/span>&nbsp;<\/a><\/li><li class=\"shariff-button rss shariff-nocustomcolor\" style=\"background-color:#ff8c00\"><a href=\"https:\/\/www.karaoke-helden.de\/playbackshop\/feed\/rss\" title=\"RSS-feed\" aria-label=\"RSS-feed\" role=\"button\" class=\"shariff-link\" style=\"; background-color:#fe9312; color:#fff\" target=\"_blank\"><span class=\"shariff-icon\" style=\"\"><svg width=\"32px\" height=\"20px\" xmlns=\"http:\/\/www.w3.org\/2000\/svg\" viewBox=\"0 0 32 32\"><path fill=\"#fe9312\" d=\"M4.3 23.5c-2.3 0-4.3 1.9-4.3 4.3 0 2.3 1.9 4.2 4.3 4.2 2.4 0 4.3-1.9 4.3-4.2 0-2.3-1.9-4.3-4.3-4.3zM0 10.9v6.1c4 0 7.7 1.6 10.6 4.4 2.8 2.8 4.4 6.6 4.4 10.6h6.2c0-11.7-9.5-21.1-21.1-21.1zM0 0v6.1c14.2 0 25.8 11.6 25.8 25.9h6.2c0-17.6-14.4-32-32-32z\"\/><\/svg><\/span><span class=\"shariff-text\">RSS-feed<\/span>&nbsp;<\/a><\/li><li class=\"shariff-button printer shariff-nocustomcolor\" style=\"background-color:#a8a8a8\"><a href=\"javascript:window.print()\" title=\"drucken\" aria-label=\"drucken\" role=\"button\" rel=\"noopener nofollow\" class=\"shariff-link\" style=\"; background-color:#999; color:#fff\"><span class=\"shariff-icon\" style=\"\"><svg width=\"32px\" height=\"20px\" xmlns=\"http:\/\/www.w3.org\/2000\/svg\" viewBox=\"0 0 30 32\"><path fill=\"#999\" d=\"M6.8 27.4h16v-4.6h-16v4.6zM6.8 16h16v-6.8h-2.8q-0.7 0-1.2-0.5t-0.5-1.2v-2.8h-11.4v11.4zM27.4 17.2q0-0.5-0.3-0.8t-0.8-0.4-0.8 0.4-0.3 0.8 0.3 0.8 0.8 0.3 0.8-0.3 0.3-0.8zM29.7 17.2v7.4q0 0.2-0.2 0.4t-0.4 0.2h-4v2.8q0 0.7-0.5 1.2t-1.2 0.5h-17.2q-0.7 0-1.2-0.5t-0.5-1.2v-2.8h-4q-0.2 0-0.4-0.2t-0.2-0.4v-7.4q0-1.4 1-2.4t2.4-1h1.2v-9.7q0-0.7 0.5-1.2t1.2-0.5h12q0.7 0 1.6 0.4t1.3 0.8l2.7 2.7q0.5 0.5 0.9 1.4t0.4 1.6v4.6h1.1q1.4 0 2.4 1t1 2.4z\"\/><\/svg><\/span><span class=\"shariff-text\">drucken<\/span>&nbsp;<\/a><\/li><li class=\"shariff-button whatsapp shariff-nocustomcolor\" style=\"background-color:#5cbe4a\"><a href=\"https:\/\/api.whatsapp.com\/send?text=https%3A%2F%2Fwww.karaoke-helden.de%2Fplaybackshop%2Fdvd-shop-dvd-what-the-health-wie-konzerne-uns-krank-machen%20DVD-Shop%20%E2%80%93%20DVD%20%E2%80%93%20What%20the%20Health%20%E2%80%93%20Wie%20Konzerne%20uns%20krank%20machen\" title=\"Bei Whatsapp teilen\" aria-label=\"Bei Whatsapp teilen\" role=\"button\" rel=\"noopener nofollow\" class=\"shariff-link\" style=\"; background-color:#34af23; color:#fff\" target=\"_blank\"><span class=\"shariff-icon\" style=\"\"><svg width=\"32px\" height=\"20px\" xmlns=\"http:\/\/www.w3.org\/2000\/svg\" viewBox=\"0 0 32 32\"><path fill=\"#34af23\" d=\"M17.6 17.4q0.2 0 1.7 0.8t1.6 0.9q0 0.1 0 0.3 0 0.6-0.3 1.4-0.3 0.7-1.3 1.2t-1.8 0.5q-1 0-3.4-1.1-1.7-0.8-3-2.1t-2.6-3.3q-1.3-1.9-1.3-3.5v-0.1q0.1-1.6 1.3-2.8 0.4-0.4 0.9-0.4 0.1 0 0.3 0t0.3 0q0.3 0 0.5 0.1t0.3 0.5q0.1 0.4 0.6 1.6t0.4 1.3q0 0.4-0.6 1t-0.6 0.8q0 0.1 0.1 0.3 0.6 1.3 1.8 2.4 1 0.9 2.7 1.8 0.2 0.1 0.4 0.1 0.3 0 1-0.9t0.9-0.9zM14 26.9q2.3 0 4.3-0.9t3.6-2.4 2.4-3.6 0.9-4.3-0.9-4.3-2.4-3.6-3.6-2.4-4.3-0.9-4.3 0.9-3.6 2.4-2.4 3.6-0.9 4.3q0 3.6 2.1 6.6l-1.4 4.2 4.3-1.4q2.8 1.9 6.2 1.9zM14 2.2q2.7 0 5.2 1.1t4.3 2.9 2.9 4.3 1.1 5.2-1.1 5.2-2.9 4.3-4.3 2.9-5.2 1.1q-3.5 0-6.5-1.7l-7.4 2.4 2.4-7.2q-1.9-3.2-1.9-6.9 0-2.7 1.1-5.2t2.9-4.3 4.3-2.9 5.2-1.1z\"\/><\/svg><\/span><span class=\"shariff-text\">teilen<\/span>&nbsp;<\/a><\/li><\/ul><\/div>","protected":false},"excerpt":{"rendered":"<p><strong><em><a href=\"\/playbackshop\/versandarten\/\" target=\"_blank\" rel=\"noopener noreferrer\"><img decoding=\"async\" class=\"aligncenter wp-image-8471 size-full\" src=\"https:\/\/www.karaoke-helden.de\/playbackshop\/wp-content\/uploads\/2020\/10\/Versandkosten-Info-Oktober.jpg\" alt=\"Versandinfo-Kosten-Neu\" width=\"550\" height=\"125\" \/><\/a>What The Health jetzt NEU im Shop:<\/em> <\/strong>Letztes Jahr erschien die DVD des preisgekr\u00f6nten und vieldiskutierten Dokumentarfilms Cowspiracy, der sehr anschaulich den Zusammenhang zwischen Umweltsch\u00e4den und industrieller Viehwirtschaft aufzeigt.<\/p>\n<p>&nbsp;<\/p>\n","protected":false},"featured_media":5019,"template":"","meta":{"rank_math_lock_modified_date":false},"product_cat":[15398,824,10751,1110],"product_tag":[1116,11811,11805,11810,1094,1151,11809,1152,11808,11806,11807],"class_list":{"0":"post-5020","1":"product","2":"type-product","3":"status-publish","4":"has-post-thumbnail","6":"product_cat-ab-1euro","7":"product_cat-alle-produkte","8":"product_cat-dvd-filme","9":"product_cat-musik-cd-und-dvd-shop","10":"product_tag-aktuell","11":"product_tag-dvd-shop","12":"product_tag-dvd-tipp","13":"product_tag-gesundheit","14":"product_tag-kaufen","15":"product_tag-nachrichten","16":"product_tag-neue-medien","17":"product_tag-news","18":"product_tag-und-warum-niemand-was-dagegen-unternimmt","19":"product_tag-what-the-health","20":"product_tag-wie-konzerne-uns-krank-machen","22":"first","23":"instock","24":"sale","25":"taxable","26":"shipping-taxable","27":"product-type-simple","28":"add-to-wishlist-after_add_to_cart"},"_links":{"self":[{"href":"https:\/\/www.karaoke-helden.de\/playbackshop\/wp-json\/wp\/v2\/product\/5020","targetHints":{"allow":["GET"]}}],"collection":[{"href":"https:\/\/www.karaoke-helden.de\/playbackshop\/wp-json\/wp\/v2\/product"}],"about":[{"href":"https:\/\/www.karaoke-helden.de\/playbackshop\/wp-json\/wp\/v2\/types\/product"}],"wp:featuredmedia":[{"embeddable":true,"href":"https:\/\/www.karaoke-helden.de\/playbackshop\/wp-json\/wp\/v2\/media\/5019"}],"wp:attachment":[{"href":"https:\/\/www.karaoke-helden.de\/playbackshop\/wp-json\/wp\/v2\/media?parent=5020"}],"wp:term":[{"taxonomy":"product_cat","embeddable":true,"href":"https:\/\/www.karaoke-helden.de\/playbackshop\/wp-json\/wp\/v2\/product_cat?post=5020"},{"taxonomy":"product_tag","embeddable":true,"href":"https:\/\/www.karaoke-helden.de\/playbackshop\/wp-json\/wp\/v2\/product_tag?post=5020"}],"curies":[{"name":"wp","href":"https:\/\/api.w.org\/{rel}","templated":true}]}}